{"id":9761,"date":"2025-04-21T07:13:29","date_gmt":"2025-04-21T07:13:29","guid":{"rendered":"http:\/\/pzr.si\/?page_id=9761"},"modified":"2025-10-30T08:19:06","modified_gmt":"2025-10-30T08:19:06","slug":"usposabljanje","status":"publish","type":"page","link":"http:\/\/pzr.si\/?page_id=9761","title":{"rendered":"USPOSABLJANJE"},"content":{"rendered":"\t\t<div data-elementor-type=\"wp-page\" data-elementor-id=\"9761\" class=\"elementor elementor-9761\">\n\t\t\t\t\t\t<section class=\"elementor-section elementor-top-section elementor-element elementor-element-11dec038 elementor-section-boxed elementor-section-height-default elementor-section-height-default\" data-id=\"11dec038\" data-element_type=\"section\" data-e-type=\"section\">\n\t\t\t\t\t\t<div class=\"elementor-container elementor-column-gap-default\">\n\t\t\t\t\t<div class=\"elementor-column elementor-col-100 elementor-top-column elementor-element elementor-element-3b3cbfb9\" data-id=\"3b3cbfb9\" data-element_type=\"column\" data-e-type=\"column\">\n\t\t\t<div class=\"elementor-widget-wrap elementor-element-populated\">\n\t\t\t\t\t\t<div class=\"elementor-element elementor-element-6d6fd929 elementor-widget elementor-widget-heading\" data-id=\"6d6fd929\" data-element_type=\"widget\" data-e-type=\"widget\" data-widget_type=\"heading.default\">\n\t\t\t\t<div class=\"elementor-widget-container\">\n\t\t\t\t\t<h2 class=\"elementor-heading-title elementor-size-default\">USPOSABLJANJE\n<\/h2>\t\t\t\t<\/div>\n\t\t\t\t<\/div>\n\t\t\t\t<div class=\"elementor-element elementor-element-4a317117 elementor-widget elementor-widget-text-editor\" data-id=\"4a317117\" data-element_type=\"widget\" data-e-type=\"widget\" data-widget_type=\"text-editor.default\">\n\t\t\t\t<div class=\"elementor-widget-container\">\n\t\t\t\t\t\t\t\t\t<p>V podjetju <strong>PZR d.o.o. (Po\u017earna za\u0161\u010dita Radovljica)<\/strong> nudimo \u0161irok nabor usposabljanj na podro\u010dju varnosti in zdravja pri delu ter po\u017earne varnosti, prilagojenih razli\u010dnim potrebam podjetij in organizacij.<\/p><h4><strong>Usposabljanja na podro\u010dju varnosti in zdravja pri delu<\/strong><\/h4><ul><li><strong>Izobra\u017eevanje in usposabljanje na podro\u010dju varstva pri delu<\/strong>: Zaposleni pridobijo znanja o varnem delu, prepoznavanju nevarnosti ter ukrepih za prepre\u010devanje nesre\u010d.<\/li><li><strong>Ocenjevanje tveganj in izdelava izjave o varnosti<\/strong>: Strokovnjaki ocenijo tveganja na delovnem mestu in pripravijo izjavo o varnosti z oceno tveganja.<\/li><li><strong>Pregled in preizkus delovne opreme<\/strong>: Redni pregledi in preizkusi delovne opreme za zagotovitev varnega delovanja.<\/li><li><strong>Periodi\u010dne preiskave \u0161kodljivosti v delovnem okolju<\/strong>: Meritve kemi\u010dnih, fizikalnih in biolo\u0161kih \u0161kodljivosti za zagotavljanje zdravega delovnega okolja.<\/li><li><strong>Meritve elektri\u010dnih in\u0161talacij, ozemljitve in strelovodov<\/strong>: Preverjanje varnosti elektri\u010dnih sistemov in za\u0161\u010dite pred udarom strele.<\/li><\/ul><h4><strong>Usposabljanja na podro\u010dju po\u017earne varnosti<\/strong><\/h4><ul><li><strong>Izobra\u017eevanje in usposabljanje na podro\u010dju po\u017earne varnosti<\/strong>: Zaposleni se seznanijo z ukrepi za prepre\u010devanje po\u017earov ter ravnanjem v primeru po\u017eara.<\/li><li><strong>Izdelava po\u017earnih redov, na\u010drtov in evakuacijskih na\u010drtov<\/strong>: Priprava dokumentacije in na\u010drtov za u\u010dinkovito ukrepanje ob po\u017earu.<\/li><li><strong>Ocenjevanje po\u017earne ogro\u017eenosti<\/strong>: Analiza in razvrstitev objektov glede na stopnjo po\u017earne nevarnosti.<\/li><li><strong>Servis in pregled gasilnih aparatov ter hidrantnih omre\u017eij<\/strong>: Zagotavljanje brezhibnega delovanja gasilnih sistemov.<\/li><li><strong>Servisiranje vgrajenih gasilskih naprav in majhnih gasilnih sistemov<\/strong>: Vzdr\u017eevanje in popravila avtomatskih gasilnih sistemov za hitro ukrepanje ob po\u017earu.<\/li><\/ul><h4><strong>Usposabljanja za ravnanje s kemikalijami<\/strong><\/h4><ul><li><strong>Izobra\u017eevanje oseb, ki ravnajo z nevarnimi snovmi<\/strong>: Pridobivanje znanj za varno ravnanje z nevarnimi kemikalijami.<\/li><li><strong>Izdelava varnostnih listov in ocenjevanje tveganj<\/strong>: Priprava dokumentacije in ocena tveganj pri ravnanju z nevarnimi snovmi.<\/li><\/ul><h4><strong>Usposabljanja na podro\u010dju higiene dela (HACCP)<\/strong><\/h4><ul><li><strong>Izobra\u017eevanje zaposlenih po HACCP na\u010delih<\/strong>: Zaposleni se seznanijo s sistemom HACCP za zagotavljanje varnosti \u017eivil.<\/li><li><strong>Postavitev in delovanje nadzornega sistema<\/strong>: Vzpostavitev sistema za spremljanje in nadzor kriti\u010dnih to\u010dk v proizvodnji \u017eivil.<\/li><li><strong>Dolo\u010ditev kriti\u010dnih to\u010dk in izvedba korektivnih ukrepov<\/strong>: Identifikacija to\u010dk, kjer lahko pride do nevarnosti, in priprava ukrepov za njihovo odpravo.<\/li><\/ul>\t\t\t\t\t\t\t\t<\/div>\n\t\t\t\t<\/div>\n\t\t\t\t<section class=\"elementor-section elementor-inner-section elementor-element elementor-element-6d4a4272 elementor-section-boxed elementor-section-height-default elementor-section-height-default\" data-id=\"6d4a4272\" data-element_type=\"section\" data-e-type=\"section\">\n\t\t\t\t\t\t<div class=\"elementor-container elementor-column-gap-no\">\n\t\t\t\t\t<div class=\"elementor-column elementor-col-33 elementor-inner-column elementor-element elementor-element-5d3a252\" data-id=\"5d3a252\" data-element_type=\"column\" data-e-type=\"column\">\n\t\t\t<div class=\"elementor-widget-wrap elementor-element-populated\">\n\t\t\t\t\t\t<div class=\"elementor-element elementor-element-1b692af7 elementor-align-left elementor-tablet-align-right elementor-widget elementor-widget-button\" data-id=\"1b692af7\" data-element_type=\"widget\" data-e-type=\"widget\" data-widget_type=\"button.default\">\n\t\t\t\t<div class=\"elementor-widget-container\">\n\t\t\t\t\t\t\t\t\t<div class=\"elementor-button-wrapper\">\n\t\t\t\t\t<a class=\"elementor-button elementor-button-link elementor-size-sm\" href=\"http:\/\/pzr.si\/?page_id=413\">\n\t\t\t\t\t\t<span class=\"elementor-button-content-wrapper\">\n\t\t\t\t\t\t<span class=\"elementor-button-icon\">\n\t\t\t\t<svg aria-hidden=\"true\" class=\"e-font-icon-svg e-fas-arrow-right\" viewBox=\"0 0 448 512\" xmlns=\"http:\/\/www.w3.org\/2000\/svg\"><path d=\"M190.5 66.9l22.2-22.2c9.4-9.4 24.6-9.4 33.9 0L441 239c9.4 9.4 9.4 24.6 0 33.9L246.6 467.3c-9.4 9.4-24.6 9.4-33.9 0l-22.2-22.2c-9.5-9.5-9.3-25 .4-34.3L311.4 296H24c-13.3 0-24-10.7-24-24v-32c0-13.3 10.7-24 24-24h287.4L190.9 101.2c-9.8-9.3-10-24.8-.4-34.3z\"><\/path><\/svg>\t\t\t<\/span>\n\t\t\t\t\t\t\t\t\t<span class=\"elementor-button-text\">KONTAKT<\/span>\n\t\t\t\t\t<\/span>\n\t\t\t\t\t<\/a>\n\t\t\t\t<\/div>\n\t\t\t\t\t\t\t\t<\/div>\n\t\t\t\t<\/div>\n\t\t\t\t\t<\/div>\n\t\t<\/div>\n\t\t\t\t<div class=\"elementor-column elementor-col-33 elementor-inner-column elementor-element elementor-element-7c5e0596\" data-id=\"7c5e0596\" data-element_type=\"column\" data-e-type=\"column\">\n\t\t\t<div class=\"elementor-widget-wrap\">\n\t\t\t\t\t\t\t<\/div>\n\t\t<\/div>\n\t\t\t\t<div class=\"elementor-column elementor-col-33 elementor-inner-column elementor-element elementor-element-4f93052c\" data-id=\"4f93052c\" data-element_type=\"column\" data-e-type=\"column\">\n\t\t\t<div class=\"elementor-widget-wrap\">\n\t\t\t\t\t\t\t<\/div>\n\t\t<\/div>\n\t\t\t\t\t<\/div>\n\t\t<\/section>\n\t\t\t\t\t<\/div>\n\t\t<\/div>\n\t\t\t\t\t<\/div>\n\t\t<\/section>\n\t\t\t\t<\/div>\n\t\t","protected":false},"excerpt":{"rendered":"<p>USPOSABLJANJE V podjetju PZR d.o.o. (Po\u017earna za\u0161\u010dita Radovljica) nudimo \u0161irok nabor usposabljanj na podro\u010dju varnosti in zdravja pri delu ter po\u017earne varnosti, prilagojenih razli\u010dnim potrebam podjetij in organizacij. Usposabljanja na podro\u010dju varnosti in zdravja pri delu Izobra\u017eevanje in usposabljanje na podro\u010dju varstva pri delu: Zaposleni pridobijo znanja o varnem delu, prepoznavanju nevarnosti ter ukrepih za&#8230;<\/p>\n","protected":false},"author":1,"featured_media":0,"parent":0,"menu_order":0,"comment_status":"closed","ping_status":"closed","template":"","meta":{"_acf_changed":false,"inline_featured_image":false,"_monsterinsights_skip_tracking":false,"_monsterinsights_sitenote_active":false,"_monsterinsights_sitenote_note":"","_monsterinsights_sitenote_category":0,"footnotes":""},"class_list":["post-9761","page","type-page","status-publish","hentry"],"acf":[],"aioseo_notices":[],"_links":{"self":[{"href":"http:\/\/pzr.si\/index.php?rest_route=\/wp\/v2\/pages\/9761","targetHints":{"allow":["GET"]}}],"collection":[{"href":"http:\/\/pzr.si\/index.php?rest_route=\/wp\/v2\/pages"}],"about":[{"href":"http:\/\/pzr.si\/index.php?rest_route=\/wp\/v2\/types\/page"}],"author":[{"embeddable":true,"href":"http:\/\/pzr.si\/index.php?rest_route=\/wp\/v2\/users\/1"}],"replies":[{"embeddable":true,"href":"http:\/\/pzr.si\/index.php?rest_route=%2Fwp%2Fv2%2Fcomments&post=9761"}],"version-history":[{"count":25,"href":"http:\/\/pzr.si\/index.php?rest_route=\/wp\/v2\/pages\/9761\/revisions"}],"predecessor-version":[{"id":10073,"href":"http:\/\/pzr.si\/index.php?rest_route=\/wp\/v2\/pages\/9761\/revisions\/10073"}],"wp:attachment":[{"href":"http:\/\/pzr.si\/index.php?rest_route=%2Fwp%2Fv2%2Fmedia&parent=9761"}],"curies":[{"name":"wp","href":"https:\/\/api.w.org\/{rel}","templated":true}]}}